
Calculate the remainder when 1444517 is divided by 491.
486
What is the remainder when 723 is divided by 632?
91
What is the remainder when 15945 is divided by 7972?
1
What is the remainder when 143869 is divided by 18?
13
What is the remainder when 26709 is divided by 4450?
9
Calculate the remainder when 3138 is divided by 210.
198
Calculate the remainder when 5567 is divided by 5562.
5
Calculate the remainder when 3038 is divided by 677.
330
Calculate the remainder when 25225 is divided by 19.
12
Calculate the remainder when 2166 is divided by 121.
109
What is the remainder when 2274 is divided by 158?
62
What is the remainder when 11951 is divided by 704?
687
Calculate the remainder when 902575 is divided by 1470.
1465
Calculate the remainder when 930652 is divided by 9.
7
Calculate the remainder when 201 is divided by 200.
1
Calculate the remainder when 27726 is divided by 50.
26
Calculate the remainder when 18996 is divided by 108.
96
What is the remainder when 158684 is divided by 276?
260
What is the remainder when 6048 is divided by 63?
0
Calculate the remainder when 9136 is divided by 34.
24
Calculate the remainder when 29836 is divided by 303.
142
What is the remainder when 30727 is divided by 429?
268
Calculate the remainder when 107314 is divided by 416.
402
What is the remainder when 1753 is divided by 1440?
313
What is the remainder when 5754 is divided by 16?
10
What is the remainder when 314772 is divided by 104919?
15
Calculate the remainder when 2001236 is divided by 436.
432
What is the remainder when 803 is divided by 724?
79
What is the remainder when 1011234 is divided by 56?
42
Calculate the remainder when 174065 is divided by 163.
144
What is the remainder when 630 is divided by 70?
0
What is the remainder when 2313854 is divided by 45?
44
Calculate the remainder when 324496 is divided by 50.
46
What is the remainder when 11476 is divided by 197?
50
What is the remainder when 5799 is divided by 91?
66
Calculate the remainder when 9772 is divided by 690.
112
What is the remainder when 66544 is divided by 174?
76
Calculate the remainder when 2531 is divided by 29.
8
What is the remainder when 3183 is divided by 47?
34
Calculate the remainder when 154003 is divided by 186.
181
Calculate the remainder when 481195 is divided by 759.
748
What is the remainder when 653 is divided by 329?
324
Calculate the remainder when 74573 is divided by 1264.
1261
What is the remainder when 1046303 is divided by 346?
345
Calculate the remainder when 229679 is divided by 165.
164
Calculate the remainder when 3864737 is divided by 605.
602
Calculate the remainder when 20108 is divided by 221.
218
Calculate the remainder when 66473 is divided by 500.
473
What is the remainder when 12551 is divided by 2068?
143
What is the remainder when 7150 is divided by 104?
78
Calculate the remainder when 177 is divided by 35.
2
Calculate the remainder when 586 is divided by 49.
47
What is the remainder when 2458 is divided by 1599?
859
Calculate the remainder when 1168 is divided by 30.
28
What is the remainder when 24072 is divided by 221?
204
Calculate the remainder when 18505 is divided by 67.
13
Calculate the remainder when 6095 is divided by 219.
182
Calculate the remainder when 2242 is divided by 724.
70
What is the remainder when 134524 is divided by 11?
5
Calculate the remainder when 2772 is divided by 1384.
4
Calculate the remainder when 17554 is divided by 763.
5
Calculate the remainder when 318891 is divided by 197.
145
Calculate the remainder when 2239 is divided by 502.
231
What is the remainder when 429 is divided by 86?
85
Calculate the remainder when 41667 is divided by 502.
1
Calculate the remainder when 23270 is divided by 1384.
1126
Calculate the remainder when 80635 is divided by 336.
331
What is the remainder when 21709 is divided by 1017?
352
Calculate the remainder when 374940 is divided by 16.
12
What is the remainder when 23056 is divided by 9?
7
What is the remainder when 93827 is divided by 296?
291
Calculate the remainder when 76264 is divided by 6.
4
Calculate the remainder when 65929 is divided by 1319.
1298
Calculate the remainder when 22354 is divided by 3704.
130
What is the remainder when 65367 is divided by 523?
515
What is the remainder when 39001 is divided by 2596?
61
What is the remainder when 366732 is divided by 183365?
2
Calculate the remainder when 149715 is divided by 15.
0
Calculate the remainder when 195850 is divided by 697.
690
Calculate the remainder when 57179 is divided by 406.
339
What is the remainder when 10146 is divided by 130?
6
What is the remainder when 844 is divided by 491?
353
What is the remainder when 288026 is divided by 89?
22
What is the remainder when 46441 is divided by 431?
324
What is the remainder when 96242 is divided by 33?
14
What is the remainder when 109027 is divided by 281?
280
Calculate the remainder when 2415 is divided by 591.
51
What is the remainder when 173869 is divided by 68?
61
Calculate the remainder when 54286 is divided by 261.
259
Calculate the remainder when 3629 is divided by 236.
89
Calculate the remainder when 7302 is divided by 17.
9
What is the remainder when 487025 is divided by 27?
26
What is the remainder when 56683 is divided by 41?
21
What is the remainder when 3948 is divided by 1315?
3
What is the remainder when 112307 is divided by 39?
26
What is the remainder when 1393 is divided by 156?
145
Calculate the remainder when 3946 is divided by 92.
82
What is the remainder when 1665 is divided by 127?
14
Calculate the remainder when 1470246 is divided by 104.
102
What is the remainder when 4877533 is divided by 51?
46
What is the remainder when 16082 is divided by 5308?
158
What is the remainder when 1835678 is divided by 176?
174
What is the remainder when 5306 is divided by 306?
104
What is the remainder when 283236 is divided by 1676?
1668
What is the remainder when 5223141 is divided by 50?
41
What is the remainder when 1096 is divided by 273?
4
Calculate the remainder when 58164 is divided by 645.
114
Calculate the remainder when 3657 is divided by 861.
213
What is the remainder when 6004 is divided by 33?
31
What is the remainder when 25976 is divided by 1855?
6
Calculate the remainder when 167172 is divided by 31.
20
What is the remainder when 1256 is divided by 1246?
10
Calculate the remainder when 489917 is divided by 3.
2
Calculate the remainder when 118095 is divided by 306.
285
Calculate the remainder when 1183 is divided by 134.
111
Calculate the remainder when 31785 is divided by 83.
79
Calculate the remainder when 8335 is divided by 4160.
15
What is the remainder when 17405 is divided by 93?
14
What is the remainder when 576967 is divided by 1034?
1029
What is the remainder when 2480 is divided by 159?
95
Calculate the remainder when 32877 is divided by 274.
271
What is the remainder when 69940 is divided by 220?
200
Calculate the remainder when 22460 is divided by 234.
230
Calculate the remainder when 830793 is divided by 21.
12
Calculate the remainder when 4989 is divided by 33.
6
Calculate the remainder when 91433 is divided by 3975.
8
Calculate the remainder when 16243 is divided by 54.
43
What is the remainder when 16582 is divided by 8259?
64
What is the remainder when 7760 is divided by 2571?
47
What is the remainder when 78629 is divided by 1?
0
What is the remainder when 2206 is divided by 2125?
81
Calculate the remainder when 110888 is divided by 303.
293
Calculate the remainder when 161433 is divided by 80712.
9
Calculate the remainder when 6916 is divided by 38.
0
Calculate the remainder when 25002 is divided by 239.
146
What is the remainder when 98694 is divided by 75?
69
What is the remainder when 141735 is divided by 25?
10
Calculate the remainder when 80318 is divided by 765.
758
Calculate the remainder when 5578 is divided by 558.
556
Calculate the remainder when 59096 is divided by 909.
11
Calculate the remainder when 20239 is divided by 343.
2
Calculate the remainder when 28047 is divided by 75.
72
What is the remainder when 5817 is divided by 2422?
973
What is the remainder when 958 is divided by 361?
236
What is the remainder when 5710 is divided by 641?
582
Calculate the remainder when 26737 is divided by 1484.
25